t common factor of h and t.
38
Let m = 111 + -126. Let k(t) = -12*t - 12. Let c be k(-9). Let y = m + c. What is the greatest common factor of y and 27?
27
Let f(n) = 5*n**2 + 9*n - 137. Let b be f(-10). Calculate the highest common divisor of 637 and b.
91
Let l(r) = -6*r**2 + 2*r - 12. Let j be l(-4). Let p = j + 146. What is the highest common factor of p and 240?
30
Let p(h) = 4*h + 6. Let a be p(2). Calculate the highest common divisor of a and 21.
7
Suppose 113*x - 80 = 121*x. Suppose 0 = -4*w - 16 + 64. Let b = w + x. Calculate the highest common divisor of 22 and b.
2
Suppose -16*x = -15*x - 12. Let h(t) = t**2 + 2*t - 5. Let i(r) = r**2 + 5*r. Let v be i(-4). Let j be h(v). Calculate the greatest common factor of x and j.
3
Suppose -5*n + 471 = -4*o, -4*n + 4*o = -2*n - 198. What is the highest common factor of n and 56?
7
Suppose 5*r = -4*f - 11, -f = 4*f - 4*r - 17. Calculate the greatest common factor of f and 11.
1
Suppose -n + 5 = 4*s, -n - 4*n + 3*s = -94. Calculate the greatest common divisor of n and 442.
17
Let g = -474 - -521. Calculate the highest common divisor of g and 235.
47
Let a(b) = 9*b + 25. Let p be a(12). Let r(h) = -3*h - 2. Let j be r(-7). Calculate the greatest common factor of p and j.
19
Let a(l) = 4*l**2 + 18*l + 5. Let r be a(-8). What is the greatest common factor of 78 and r?
39
Suppose -4*m + 520 = 7*a - 2*a, 0 = 4*a + m - 427. Let o = 172 - 145. What is the greatest common factor of o and a?
27
Let a(d) = -15*d - 12. Suppose 0 = -14*j - 11 - 3. Let n be a(j). What is the highest common factor of n and 39?
3
Let a be 3*1/6 + (-130)/20. Let b = 24 - a. Calculate the highest common factor of b and 120.
30
Let o(g) = -15*g + 2. Let r be o(-6). Let a be r/(-10) - 4/(-20). Let f be 0 - (a - (2 + -2)). Calculate the highest common factor of 6 and f.
3
Suppose -2*l + a = 15, 5*l - 3*a + 50 = 2*a. Let m be (-2)/(-4)*l/(15/(-18)). What is the greatest common divisor of 6 and m?
3
Let m(c) = -28*c + 679. Let i be m(22). Suppose 15 = -5*g, -1 = a + a + 5*g. Calculate the highest common factor of i and a.
7
Suppose 5 = 2*n - 27. Let t be (n/10)/((-2)/(-25)). Suppose -7*q = -2*b - 6*q + 20, b = 3*q + 20. What is the greatest common factor of b and t?
4
Let z = -69 - -1148. What is the highest common factor of 83 and z?
83
Let h = 1171 - 766. What is the highest common factor of 45 and h?
45
Let k = 35 - 20. Suppose -y + 4*y + 876 = -o, 0 = -2*y - o - 583. Let w = -188 - y. What is the highest common divisor of w and k?
15
Let q be (2*(-1)/12)/(34/(-204)). Calculate the highest common divisor of q and 192.
1
Suppose v - 2*u - 20 = 2*u, 28 = 2*v - 5*u. Let i be v*-35*18/(-21). Suppose i = 4*o + o. Calculate the highest common divisor of o and 36.
12
Suppose -s - 4 + 6 = 0. Suppose -s*d = -0 - 4. Suppose 5*w - 12 = d*q, -q - q = -2*w + 6. Calculate the greatest common divisor of 3 and w.
1
Let i(y) = -y**2 - 62*y - 278. Let p be i(-5). Calculate the greatest common factor of p and 259.
7
Suppose -4*k = t - 2*t + 14, -53 = -5*t + 3*k. Suppose -2 = 4*s + t. Let q = s + 8. Calculate the greatest common divisor of 1 and q.
1
Let w = -37 + 41. Suppose -5*n + l + 176 = 0, 96 = 3*n - w*l + l. Calculate the greatest common divisor of n and 9.
9
Let s(j) = -j**3 + 22*j**2 - 37*j - 20. Let a be s(20). Let p be (-708)/(-15) - (-32)/a. What is the highest common divisor of 12 and p?
12
Suppose 46 - 58 = -r. Calculate the greatest common factor of r and 84.
12
Let r = -83 - -200. Let w = 8 + -13. Let z be (-67)/w - (-2)/(-5). What is the greatest common divisor of z and r?
13
Let c be 1/(-3) + (-64)/(-3). Let v(m) = -m**3 + 12*m**2 - 11. Suppose -2*h + 5*h = 30. Let x be v(h). Calculate the greatest common divisor of x and c.
21
Suppose d + 4*d - 4*z + 16 = 0, 0 = -2*d - z + 4. Suppose 4*t - 3*r - 77 = d, 2*t = t + 3*r + 17. What is the highest common divisor of 50 and t?
10
Let z(m) = -m**3 + 9*m**2 - 7*m - 2. Let i be z(8). Let w be i - 3 - (-1)/(2/192). What is the greatest common factor of w and 9?
9
Suppose -40*u + 5*u = -105. What is the greatest common factor of u and 69?
3
Let z = -1026 + 1031. Calculate the greatest common factor of z and 155.
5
Let s(a) = -66*a - 305. Let k be s(-6). What is the greatest common factor of k and 104?
13
Suppose 0 = 6*i - 25 + 13. Suppose 3*w + 203 = 2*a + 6*w, 0 = -2*a + i*w + 218. What is the greatest common factor of 265 and a?
53
Suppose 0 = -x + 4*o + 20 - 3, 4*o = 4*x - 68. Let g(c) = 39*c**2 - 4*c + 5. Let r be g(2). What is the greatest common divisor of x and r?
17
Let d(u) = -u**2 + 36*u + 41. Let i be d(12). Calculate the greatest common divisor of i and 28.
7
Let j = -4 + 14. Suppose j*a - 3*a - 1386 = 0. Calculate the greatest common divisor of 22 and a.
22
Let c(b) = -b + 2. Let v be c(0). Suppose 45*o - 157 = 23. Calculate the greatest common divisor of v and o.
2
Let x(n) = 4*n - 83. Let d be x(32). What is the highest common factor of d and 2385?
45
Suppose -4*m - 3*y = -461, -m + 3*y = -10 - 109. What is the greatest common factor of 4 and m?
4
Suppose 53 = 4*r + 13. Suppose -r*p + 784 = -3*p. Calculate the highest common factor of 56 and p.
56
Suppose -4*q = -q - 1008. Calculate the highest common factor of q and 60.
12
Let u be (1/((-7)/(-6)))/((-1)/(-35)). Let w(b) = -106*b - 1. Let t be w(-1). Calculate the highest common divisor of u and t.
15
Let v be -87 + 4/(8/(-6)). Let p = 100 + v. Calculate the highest common divisor of 30 and p.
10
Suppose 3*q = 3*s - 246, 0 = -3*s - 4*q + 267. Let b = -19 + s. What is the highest common factor of 22 and b?
22
Let k be 12 + -5 + (0 - 0). Let h be (-3*(-6)/k)/(2/14). What is the highest common factor of h and 12?
6
Let z be (-4289)/(-6) + (-70)/84. Calculate the greatest common divisor of 408 and z.
102
Let v be (3/(-1) - (-252)/112)*-4. Calculate the greatest common factor of v and 15.
3
Let w = 2580 - 2523. What is the greatest common divisor of w and 988?
19
Let p = 533 - 138. What is the highest common factor of 158 and p?
79
Let k(w) = w**3 - 5*w**2 + 5*w + 2. Let s be k(4). Suppose 0 = -s*y + 91 + 65. Calculate the greatest common divisor of y and 234.
26
Let g be (2 + -1)/((-2)/(-4)). Suppose g*x = 5*x - 27. Suppose 4*d + s - 47 = 0, -4*d + 2*s = -x*d + 55. What is the greatest common factor of 13 and d?
13
Suppose 0*h - 14 = 2*h. Let p be (h/21)/(1/(-24)). Suppose g - 172 = -4*m - 3*g, 4*m + 3*g - 169 = 0. What is the greatest common factor of p and m?
8
Let v(i) = -i**2 + 6*i - 5. Let r be v(4). Suppose -b + 7 = -r*t - 11, -5*t - 28 = -b. Calculate the highest common factor of b and 12.
3
Let l = -226 - -244. Calculate the highest common divisor of 666 and l.
18
Suppose -5*d = 5*g + 1720, 5*d + 0*d + g + 1704 = 0. Let t = 480 + d. Calculate the greatest common factor of t and 28.
28
Suppose 25*a = -3 + 1878. Calculate the greatest common factor of a and 30.
15
Suppose -5*o + 284 = -431. Calculate the highest common factor of o and 39.
13
Suppose -2*n + 15 = n + z, 2*n + 4*z = 10. Suppose n*k = -2*k + 189. What is the highest common factor of k and 9?
9
Let l be ((-45)/6)/((-1)/2). Let v(f) = f**3 - 15*f**2 - f + 16. Let i be v(l). What is the highest common divisor of 9 and i?
1
Suppose 5*c = 2*a - 132 - 75, 3*a - 323 = -5*c. Suppose 3*k + 2*k = -5*m - 270, 2*k = -3*m - a. Let q = k + 78. Calculate the highest common factor of q and 33.
11
Suppose r = -3*r + 48. Let i(a) = -5*a + 53. Let c = -79 - -68. Let f be i(c). What is the greatest common factor of r and f?
12
Let b(q) be the third derivative of q**6/120 + q**5/6 - q**4/24 + 7*q**3/3 - 25*q**2. Let i be b(-10). What is the highest common divisor of 12 and i?
12
Let j(h) = h + 10. Let r be j(-7). Let f = 2 + r. Suppose -v + 3*v - f*o = 19, -34 = -5*v - o. What is the highest common divisor of v and 63?
7
Let z(n) = 7*n - 44. Let j be z(14). Let d = j - 50. Calculate the greatest common divisor of 16 and d.
4
Let l = 1179 + -1176. Let b = -1 - -2. What is the greatest common factor of l and b?
1
Let u = 66 - 39. Suppose 1026 = 23*p + 15*p. Calculate the greatest common divisor of p and u.
27
Let r be (2/4)/((-2)/(-1268)). Suppose 0 = -3*v - 2*i + 592, -1108 = -4*v - i - r. Let t = -37 + 55. What is the highest common factor of t and v?
18
Let g be (2412/(-24))/(3